ed by 23?
13
What is the remainder when 935318 is divided by 36?
2
What is the remainder when 243805 is divided by 34827?
16
Calculate the remainder when 566391 is divided by 23.
16
What is the remainder when 3536 is divided by 88?
16
Calculate the remainder when 139266 is divided by 10.
6
Calculate the remainder when 88437 is divided by 494.
11
What is the remainder when 2360 is divided by 142?
88
Calculate the remainder when 1978 is divided by 61.
26
What is the remainder when 9720 is divided by 375?
345
Calculate the remainder when 9239743 is divided by 32.
31
Calculate the remainder when 2105 is divided by 474.
209
Calculate the remainder when 141791 is divided by 115.
111
What is the remainder when 20368 is divided by 205?
73
Calculate the remainder when 132078 is divided by 104.
102
What is the remainder when 37157 is divided by 18553?
51
What is the remainder when 233613 is divided by 471?
468
What is the remainder when 89802 is divided by 17945?
77
Calculate the remainder when 520847 is divided by 19290.
17
What is the remainder when 880 is divided by 82?
60
What is the remainder when 40523 is divided by 3664?
219
What is the remainder when 6776 is divided by 3380?
16
What is the remainder when 2775 is divided by 229?
27
Calculate the remainder when 7636 is divided by 83.
0
What is the remainder when 9168 is divided by 9147?
21
Calculate the remainder when 1992 is divided by 514.
450
What is the remainder when 72897 is divided by 22?
11
Calculate the remainder when 2574 is divided by 269.
153
Calculate the remainder when 834 is divided by 692.
142
Calculate the remainder when 10020 is divided by 9960.
60
What is the remainder when 810 is divided by 303?
204
Calculate the remainder when 271 is divided by 246.
25
Calculate the remainder when 5726 is divided by 438.
32
Calculate the remainder when 246934 is divided by 107.
85
Calculate the remainder when 6463 is divided by 817.
744
What is the remainder when 15006 is divided by 567?
264
Calculate the remainder when 11148 is divided by 119.
81
Calculate the remainder when 2993 is divided by 2978.
15
What is the remainder when 3012 is divided by 8?
4
Calculate the remainder when 332578 is divided by 15.
13
Calculate the remainder when 632 is divided by 628.
4
Calculate the remainder when 199553 is divided by 474.
473
What is the remainder when 3974 is divided by 1245?
239
Calculate the remainder when 947935 is divided by 11.
10
What is the remainder when 37589 is divided by 71?
30
What is the remainder when 28758 is divided by 505?
478
What is the remainder when 25198 is divided by 113?
112
Calculate the remainder when 47278 is divided by 15.
13
Calculate the remainder when 4405 is divided by 29.
26
What is the remainder when 581 is divided by 47?
17
Calculate the remainder when 30305 is divided by 446.
423
Calculate the remainder when 21929 is divided by 7308.
5
Calculate the remainder when 12732 is divided by 858.
720
What is the remainder when 1707040 is divided by 252?
244
What is the remainder when 68763 is divided by 104?
19
What is the remainder when 437447 is divided by 34?
3
Calculate the remainder when 2350 is divided by 165.
40
Calculate the remainder when 16649 is divided by 362.
359
What is the remainder when 3592 is divided by 1751?
90
What is the remainder when 31166 is divided by 10311?
233
What is the remainder when 540477 is divided by 24?
21
What is the remainder when 32766 is divided by 29?
25
Calculate the remainder when 1074364 is divided by 1328.
12
Calculate the remainder when 1949 is divided by 495.
464
What is the remainder when 413998 is divided by 33?
13
Calculate the remainder when 73439 is divided by 781.
25
What is the remainder when 5278 is divided by 482?
458
Calculate the remainder when 2518 is divided by 272.
70
What is the remainder when 571842 is divided by 4?
2
What is the remainder when 183898 is divided by 1803?
1795
Calculate the remainder when 5399 is divided by 30.
29
Calculate the remainder when 1200 is divided by 98.
24
Calculate the remainder when 50815 is divided by 3175.
15
Calculate the remainder when 4173 is divided by 4122.
51
What is the remainder when 11579 is divided by 149?
106
What is the remainder when 26925 is divided by 133?
59
What is the remainder when 33986 is divided by 278?
70
What is the remainder when 28930 is divided by 31?
7
Calculate the remainder when 301144 is divided by 475.
469
Calculate the remainder when 149369 is divided by 33.
11
What is the remainder when 10213 is divided by 831?
241
Calculate the remainder when 30342 is divided by 24.
6
What is the remainder when 10446 is divided by 7?
2
Calculate the remainder when 4163 is divided by 198.
5
What is the remainder when 12947 is divided by 4?
3
What is the remainder when 20217 is divided by 68?
21
What is the remainder when 7143 is divided by 325?
318
Calculate the remainder when 1622 is divided by 136.
126
Calculate the remainder when 7645 is divided by 140.
85
Calculate the remainder when 31739 is divided by 1176.
1163
Calculate the remainder when 8494 is divided by 120.
94
What is the remainder when 3300 is divided by 69?
57
What is the remainder when 14878 is divided by 7429?
20
Calculate the remainder when 5097394 is divided by 19.
17
Calculate the remainder when 113888 is divided by 5990.
78
What is the remainder when 1947 is divided by 1804?
143
What is the remainder when 232060 is divided by 971?
962
What is the remainder when 18934 is divided by 1370?
1124
Calculate the remainder when 9246 is divided by 507.
120
What is the remainder when 72242 is divided by 645?
2
What is the remainder when 40735 is divided by 20367?
1
Calculate the remainder when 29743 is divided by 187.
10
Calculate the remainder when 2847 is divided by 286.
273
Calculate the remainder when 78263 is divided by 27.
17
What is the remainder when 5937 is divided by 1925?
162
Calculate the remainder when 604 is divided by 542.
62
Calculate the remainder when 7673 is divided by 2543.
44
Calculate the remainder when 1506135 is divided by 150612.
15
What is the remainder when 2049 is divided by 626?
171
What is the remainder when 67454 is divided by 5?
4
What is the remainder when 565 is divided by 43?
6
What is the remainder when 16403 is divided by 13?
10
What is the remainder when 61043 is divided by 359?
13
What is the remainder when 8118 is divided by 302?
266
What is the remainder when 62171 is divided by 3656?
19
Calculate the remainder when 1947 is divided by 75.
72
Calculate the remainder when 18171 is divided by 76.
7
What is the remainder when 673545 is divided by 475?
470
Calculate the remainder when 14629 is divided by 2090.
2089
What is the remainder when 668 is divided by 16?
12
What is the remainder when 9733299 is divided by 2466?
2463
Calculate the remainder when 34480 is divided by 605.
600
What is the remainder when 1535 is divided by 101?
20
What is the remainder when 46655 is divided by 16?
15
What is the remainder when 423804 is divided by 17?
11
Calculate the remainder when 38858 is divided by 134.
132
What is the remainder when 12523 is divided by 173?
67
Calculate the remainder when 445489 is divided by 162.
151
What is the remainder when 77328 is divided by 173?
170
Calculate the remainder when 14329 is divided by 1086.
211
Calculate the remainder when 3320 is divided by 586.
390
Calculate the remainder when 1798 is divided by 18.
16
What is the remainder when 294250 is divided by 195?
190
What is the remainder when 949 is divided by 218?
77
Calculate the remainder when 1980 is divided by 68.
8
Calculate the remainder when 35473 is divided by 35468.
5
Calculate the remainder when 197468 is divided by 35.
33
Calculate the remainder when 188926 is divided by 94456.
14
What is the remainder when 2863 is divided by 1154?
555
Calculate the remainder when 8656 is divided by 161.
123
What is the remainder when 1540244 is divided by 513412?
8
What is the remainder when 19592 is divided by 144?
8
What is the remainder when 884 is divided by 264?
92
Calculate the remainder when 19535 is divided by 283.
8
What is the remainder when 529663 is divided by 1865?
3
Calculate the remainder when 1230572 is divided by 698.
696
What is the remainder when 514093 is divided by 171360